{"id":23060,"date":"2024-05-31T12:20:23","date_gmt":"2024-05-31T10:20:23","guid":{"rendered":"https:\/\/www.billin.net\/blog\/?page_id=23060"},"modified":"2025-11-04T11:00:56","modified_gmt":"2025-11-04T09:00:56","slug":"pagina-nueva-404","status":"publish","type":"page","link":"https:\/\/www.billin.net\/blog\/pagina-nueva-404\/","title":{"rendered":"P\u00e1gina nueva 404"},"content":{"rendered":"<p>[et_pb_section fb_built=\u00bb1&#8243; admin_label=\u00bbSecci\u00f3n Cabecera\u00bb module_class=\u00bbbloque1&#8243; _builder_version=\u00bb4.23.1&#8243; background_color=\u00bb#f9f8f7&#8243; background_enable_image=\u00bboff\u00bb background_size=\u00bbcontain\u00bb background_position=\u00bbcenter_right\u00bb width=\u00bb100%\u00bb max_width=\u00bb100%\u00bb custom_margin=\u00bb0px||-2px||false|false\u00bb custom_padding=\u00bb21px||13px||false|false\u00bb background_last_edited=\u00bbon|desktop\u00bb background_enable_image_tablet=\u00bboff\u00bb background_size_tablet=\u00bbcover\u00bb background_position_tablet=\u00bbcenter\u00bb border_width_bottom=\u00bb6px\u00bb border_color_bottom=\u00bb#3366ff\u00bb collapsed=\u00bbon\u00bb global_colors_info=\u00bb{}\u00bb custom_css_main_element_last_edited=\u00bboff|desktop\u00bb custom_css_main_element_phone=\u00bbpadding-top:0px;||padding-bottom: 50px!important;\u00bb custom_css_main_element_tablet=\u00bbpadding-top:0px;||padding-bottom: 50px!important;\u00bb][et_pb_row _builder_version=\u00bb4.23.1&#8243; _module_preset=\u00bbdefault\u00bb custom_margin=\u00bb5px|auto||auto||\u00bb custom_padding=\u00bb21px||7px|||\u00bb global_colors_info=\u00bb{}\u00bb][et_pb_column type=\u00bb4_4&#8243; _builder_version=\u00bb4.23.1&#8243; _module_preset=\u00bbdefault\u00bb global_colors_info=\u00bb{}\u00bb][et_pb_text _builder_version=\u00bb4.23.1&#8243; _module_preset=\u00bbdefault\u00bb custom_margin=\u00bb||6px|||\u00bb custom_padding=\u00bb||8px|||\u00bb global_colors_info=\u00bb{}\u00bb]<\/p>\n<p style=\"text-align: center;\"><span style=\"font-family: 'Inter Semi bold'; font-weight: normal; font-size: xx-large; color: #0a0000;\"><strong><bold>\u00a1Vaya! No hemos podido encontrar la<br \/>p\u00e1gina que buscas<\/bold><\/strong><\/span><\/p>\n<p>[\/et_pb_text][et_pb_text _builder_version=\u00bb4.23.1&#8243; _module_preset=\u00bbdefault\u00bb custom_margin=\u00bb||14px|||\u00bb custom_padding=\u00bb3px||5px|||\u00bb inline_fonts=\u00bbInter Regular\u00bb global_colors_info=\u00bb{}\u00bb]<\/p>\n<p style=\"text-align: center;\"><span style=\"font-size: medium; font-family: 'Inter';\">Seguramente has escrito en el navegador una p\u00e1gina que no existe en Facturas TeamSystem Facturas TeamSystem Facturas Billin.<\/span><\/p>\n<p>[\/et_pb_text][et_pb_image src=\u00bbhttps:\/\/www.billin.net\/blog\/wp-content\/uploads\/2024\/05\/404.webp\u00bb alt=\u00bbimagen error 404&#8243; title_text=\u00bb404&#8243; align=\u00bbcenter\u00bb _builder_version=\u00bb4.23.1&#8243; _module_preset=\u00bbdefault\u00bb width=\u00bb66%\u00bb max_width=\u00bb66%\u00bb module_alignment=\u00bbcenter\u00bb min_height=\u00bb100px\u00bb height=\u00bb104px\u00bb max_height=\u00bb100px\u00bb global_colors_info=\u00bb{}\u00bb][\/et_pb_image][\/et_pb_column][\/et_pb_row][\/et_pb_section][et_pb_section fb_built=\u00bb1&#8243; custom_padding_last_edited=\u00bbon|desktop\u00bb admin_label=\u00bbSecci\u00f3n Facturaci\u00f3n para Aut\u00f3nomos y pymes\u00bb _builder_version=\u00bb4.23.1&#8243; _module_preset=\u00bbdefault\u00bb background_color=\u00bbrgba(204,230,255,0.6)\u00bb custom_padding=\u00bb45px||0px||false|false\u00bb custom_padding_tablet=\u00bb50px||0px||false|false\u00bb custom_padding_phone=\u00bb50px||0px||false|false\u00bb border_color_top=\u00bb#ffffff\u00bb collapsed=\u00bbon\u00bb global_colors_info=\u00bb{}\u00bb][et_pb_row custom_padding_last_edited=\u00bbon|phone\u00bb module_class=\u00bbcentrado\u00bb _builder_version=\u00bb4.23.1&#8243; _module_preset=\u00bbdefault\u00bb custom_margin_tablet=\u00bb\u00bb custom_margin_phone=\u00bb\u00bb custom_margin_last_edited=\u00bbon|tablet\u00bb custom_padding=\u00bb0px|0px|42px|0px|false|true\u00bb custom_padding_tablet=\u00bb||||false|true\u00bb custom_padding_phone=\u00bb||||false|true\u00bb global_colors_info=\u00bb{}\u00bb][et_pb_column type=\u00bb4_4&#8243; _builder_version=\u00bb4.23.1&#8243; _module_preset=\u00bbdefault\u00bb global_colors_info=\u00bb{}\u00bb][et_pb_text _builder_version=\u00bb4.23.1&#8243; _module_preset=\u00bbdefault\u00bb text_text_color=\u00bb#3366ff\u00bb inline_fonts=\u00bbInter Regular\u00bb global_colors_info=\u00bb{}\u00bb]<\/p>\n<p style=\"line-height: 30px !important; text-align: center;\"><span style=\"font-family: 'Inter Regular'; font-weight: normal; font-size: large;\"><span style=\"color: #3366ff;\"><strong>Te dejamos estas p\u00e1ginas que tambi\u00e9n pueden interesarte<\/strong><\/span><span style=\"color: #3366ff;\"><strong><br \/>mientras encuentras la que buscas:<\/strong><\/span><\/span><\/p>\n<p>[\/et_pb_text][\/et_pb_column][\/et_pb_row][et_pb_row column_structure=\u00bb1_3,1_3,1_3&#8243; _builder_version=\u00bb4.23.1&#8243; _module_preset=\u00bbdefault\u00bb custom_padding=\u00bb0px||84px||false|false\u00bb global_colors_info=\u00bb{}\u00bb][et_pb_column type=\u00bb1_3&#8243; _builder_version=\u00bb4.23.1&#8243; _module_preset=\u00bbdefault\u00bb global_colors_info=\u00bb{}\u00bb][et_pb_text admin_label=\u00bbTexto titulo item\u00bb _builder_version=\u00bb4.23.1&#8243; _module_preset=\u00bbdefault\u00bb custom_margin=\u00bb||20px||false|false\u00bb custom_css_free_form=\u00bbselector{||  display:flex;||}||selector p {||  transition: .3s ease!important;||}||selector p:hover{||  color: #5A8FFF !important||}||selector::before{||  content: %22%22;||  background-image: url(%22https:\/\/www.billin.net\/wp-content\/uploads\/2024\/03\/Vector-2.png%22);||  background-repeat: no-repeat;||  background-size: cover;||  display: inline-block;||  position:absolute;||  width: 30px;||  height: 30px;  ||  left: -36px;||}||||selector a::after{||  content: %22%22;||    background-image: url(https:\/\/www.billin.net\/wp-content\/themes\/billin\/img\/funcionalidades-ahora\/flechab.png);||    background-size: contain;||    font-weight: 800;||    background-repeat: no-repeat;||    width: 25px;||    height: 20px;||    display: inline-block;||    position: relative;||    top: 6px;||    left: 13px;||    transition: 0.5s;||}\u00bb global_colors_info=\u00bb{}\u00bb]<\/p>\n<p style=\"font-weight: 600!important; font-size: 18px!important; line-height: 30px!important; color: #172435!important;\"><a href=\"https:\/\/billin.net\/\" style=\"color: inherit!important; padding-bottom: 0!important; font-weight: 600!important;\">P\u00e1gina inicio de Facturas TeamSystem Facturas TeamSystem Facturas Billin<\/a><\/p>\n<p>[\/et_pb_text][et_pb_text admin_label=\u00bbTexto titulo item\u00bb _builder_version=\u00bb4.23.1&#8243; _module_preset=\u00bbdefault\u00bb custom_margin=\u00bb||20px||false|false\u00bb custom_css_free_form=\u00bbselector{||  display:flex;||}||selector p {||  transition: .3s ease!important;||}||selector p:hover{||  color: #5A8FFF !important||}||selector::before{||  content: %22%22;||  background-image: url(%22https:\/\/www.billin.net\/wp-content\/uploads\/2024\/03\/directorio-online.png%22);||  background-repeat: no-repeat;||  background-size: cover;||  display: inline-block;||  position:absolute;||  width: 30px;||  height: 30px;  ||  left: -36px;||}||||selector a::after{||  content: %22%22;||    background-image: url(https:\/\/www.billin.net\/wp-content\/themes\/billin\/img\/funcionalidades-ahora\/flechab.png);||    background-size: contain;||    font-weight: 800;||    background-repeat: no-repeat;||    width: 25px;||    height: 20px;||    display: inline-block;||    position: relative;||    top: 6px;||    left: 13px;||    transition: 0.5s;||}\u00bb global_colors_info=\u00bb{}\u00bb]<\/p>\n<p style=\"font-weight: 600!important; font-size: 18px!important; line-height: 30px!important; color: #172435!important;\"><a href=\"https:\/\/www.billin.net\/precios\/\" style=\"color: inherit!important; padding-bottom: 0!important; font-weight: 600!important;\">P\u00e1gina de precios<\/a><\/p>\n<p>[\/et_pb_text][\/et_pb_column][et_pb_column type=\u00bb1_3&#8243; _builder_version=\u00bb4.23.1&#8243; _module_preset=\u00bbdefault\u00bb custom_padding=\u00bb||||false|false\u00bb custom_padding_tablet=\u00bb||0px||false|false\u00bb custom_padding_phone=\u00bb||0px||false|false\u00bb custom_padding_last_edited=\u00bbon|tablet\u00bb custom_css_free_form=\u00bb@media (max-width: 980px){||  selector{||  \tmargin-bottom: 0!important;||\t}||}\u00bb global_colors_info=\u00bb{}\u00bb][et_pb_text admin_label=\u00bbTexto titulo item\u00bb _builder_version=\u00bb4.23.1&#8243; _module_preset=\u00bbdefault\u00bb custom_margin=\u00bb||20px||false|false\u00bb custom_css_free_form=\u00bbselector{||  display:flex;||}||selector p {||  transition: .3s ease!important;||}||selector p:hover{||  color: #5A8FFF !important||}||selector::before{||  content: %22%22;||  background-image: url(%22https:\/\/www.billin.net\/wp-content\/uploads\/2024\/03\/Vector.png%22);||  background-repeat: no-repeat;||  background-size: cover;||  display: inline-block;||  position:absolute;||  width: 30px;||  height: 30px;  ||  left: -36px;||}||||selector a::after{||  content: %22%22;||    background-image: url(https:\/\/www.billin.net\/wp-content\/themes\/billin\/img\/funcionalidades-ahora\/flechab.png);||    background-size: contain;||    font-weight: 800;||    background-repeat: no-repeat;||    width: 25px;||    height: 20px;||    display: inline-block;||    position: relative;||    top: 6px;||    left: 13px;||    transition: 0.5s;||}\u00bb global_colors_info=\u00bb{}\u00bb]<\/p>\n<p style=\"font-weight: 600!important; font-size: 18px!important; line-height: 30px!important; color: #172435!important;\"><a href=\"https:\/\/www.billin.net\/crear-enviar-facturas\/\" style=\"color: inherit!important; padding-bottom: 0!important; font-weight: 600!important;\">Hacer facturas<\/a><\/p>\n<p>[\/et_pb_text][et_pb_text admin_label=\u00bbTexto titulo item\u00bb _builder_version=\u00bb4.23.1&#8243; _module_preset=\u00bbdefault\u00bb custom_margin=\u00bb||20px||false|false\u00bb custom_css_free_form=\u00bbselector{||  display:flex;||}||selector p {||  transition: .3s ease!important;||}||selector p:hover{||  color: #5A8FFF !important||}||selector::before{||  content: %22%22;||  background-image: url(%22https:\/\/www.billin.net\/wp-content\/uploads\/2024\/03\/Vector.png%22);||  background-repeat: no-repeat;||  background-size: cover;||  display: inline-block;||  position:absolute;||  width: 30px;||  height: 30px;  ||  left: -36px;||}||||selector a::after{||  content: %22%22;||    background-image: url(https:\/\/www.billin.net\/wp-content\/themes\/billin\/img\/funcionalidades-ahora\/flechab.png);||    background-size: contain;||    font-weight: 800;||    background-repeat: no-repeat;||    width: 25px;||    height: 20px;||    display: inline-block;||    position: relative;||    top: 6px;||    left: 13px;||    transition: 0.5s;||}\u00bb global_colors_info=\u00bb{}\u00bb]<\/p>\n<p style=\"font-weight: 600!important; font-size: 18px!important; line-height: 30px!important; color: #172435!important;\"><a href=\"https:\/\/www.billin.net\/creacion-presupuesto\/\" style=\"color: inherit!important; padding-bottom: 0!important; font-weight: 600!important;\">Hacer presupuestos<\/a><\/p>\n<p>[\/et_pb_text][et_pb_text admin_label=\u00bbTexto titulo item\u00bb _builder_version=\u00bb4.23.1&#8243; _module_preset=\u00bbdefault\u00bb custom_margin=\u00bb||20px||false|false\u00bb custom_css_free_form=\u00bbselector{||  display:flex;||}||selector p {||  transition: .3s ease!important;||}||selector p:hover{||  color: #5A8FFF !important||}||selector::before{||  content: %22%22;||  background-image: url(%22https:\/\/www.billin.net\/wp-content\/uploads\/2024\/03\/Vector.png%22);||  background-repeat: no-repeat;||  background-size: cover;||  display: inline-block;||  position:absolute;||  width: 30px;||  height: 30px;  ||  left: -36px;||}||||selector a::after{||  content: %22%22;||    background-image: url(https:\/\/www.billin.net\/wp-content\/themes\/billin\/img\/funcionalidades-ahora\/flechab.png);||    background-size: contain;||    font-weight: 800;||    background-repeat: no-repeat;||    width: 25px;||    height: 20px;||    display: inline-block;||    position: relative;||    top: 6px;||    left: 13px;||    transition: 0.5s;||}\u00bb global_colors_info=\u00bb{}\u00bb]<\/p>\n<p style=\"font-weight: 600!important; font-size: 18px!important; line-height: 30px!important; color: #172435!important;\"><a href=\"https:\/\/www.billin.net\/ticket-caja\/\" style=\"color: inherit!important; padding-bottom: 0!important; font-weight: 600!important;\">Hacer tickets de caja<\/a><\/p>\n<p>[\/et_pb_text][\/et_pb_column][et_pb_column type=\u00bb1_3&#8243; _builder_version=\u00bb4.23.1&#8243; _module_preset=\u00bbdefault\u00bb global_colors_info=\u00bb{}\u00bb][et_pb_text admin_label=\u00bbTexto titulo item\u00bb _builder_version=\u00bb4.23.1&#8243; _module_preset=\u00bbdefault\u00bb custom_margin=\u00bb||20px||false|false\u00bb custom_css_free_form=\u00bbselector{||  display:flex;||}||selector p {||  transition: .3s ease!important;||}||selector p:hover{||  color: #5A8FFF !important||}||selector::before{||  content: %22%22;||  background-image: url(%22https:\/\/www.billin.net\/wp-content\/uploads\/2024\/03\/Vector-7.png%22);||  background-repeat: no-repeat;||  background-size: cover;||  display: inline-block;||  position:absolute;||  width: 30px;||  height: 30px;  ||  left: -36px;||}||||selector a::after{||  content: %22%22;||    background-image: url(https:\/\/www.billin.net\/wp-content\/themes\/billin\/img\/funcionalidades-ahora\/flechab.png);||    background-size: contain;||    font-weight: 800;||    background-repeat: no-repeat;||    width: 25px;||    height: 20px;||    display: inline-block;||    position: relative;||    top: 6px;||    left: 13px;||    transition: 0.5s;||}\u00bb global_colors_info=\u00bb{}\u00bb]<\/p>\n<p style=\"font-weight: 600!important; font-size: 18px!important; line-height: 30px!important; color: #172435!important;\"><a href=\"https:\/\/www.billin.net\/herramientas-autonomos-pymes\/\" style=\"color: inherit!important; padding-bottom: 0!important; font-weight: 600!important;\">Calculadoras gratuitas<\/a><\/p>\n<p>[\/et_pb_text][et_pb_text admin_label=\u00bbTexto titulo item\u00bb _builder_version=\u00bb4.23.1&#8243; _module_preset=\u00bbdefault\u00bb custom_margin=\u00bb||20px||false|false\u00bb custom_css_free_form=\u00bbselector{||  display:flex;||}||selector p {||  transition: .3s ease!important;||}||selector p:hover{||  color: #5A8FFF !important||}||selector::before{||  content: %22%22;||  background-image: url(%22https:\/\/www.billin.net\/wp-content\/uploads\/2024\/03\/abc.png%22);||  background-repeat: no-repeat;||  background-size: cover;||  display: inline-block;||  position:absolute;||  width: 30px;||  height: 30px;  ||  left: -36px;||}||||selector a::after{||  content: %22%22;||    background-image: url(https:\/\/www.billin.net\/wp-content\/themes\/billin\/img\/funcionalidades-ahora\/flechab.png);||    background-size: contain;||    font-weight: 800;||    background-repeat: no-repeat;||    width: 25px;||    height: 20px;||    display: inline-block;||    position: relative;||    top: 6px;||    left: 13px;||    transition: 0.5s;||}\u00bb global_colors_info=\u00bb{}\u00bb]<\/p>\n<p style=\"font-weight: 600!important; font-size: 18px!important; line-height: 30px!important; color: #172435!important;\"><a href=\"https:\/\/www.billin.net\/glosario\/\" style=\"color: inherit!important; padding-bottom: 0!important; font-weight: 600!important;\">Glosario fiscalidad y contabilidad<\/a><\/p>\n<p>[\/et_pb_text][et_pb_text admin_label=\u00bbTexto titulo item\u00bb _builder_version=\u00bb4.23.1&#8243; _module_preset=\u00bbdefault\u00bb custom_margin=\u00bb||20px||false|false\u00bb custom_css_free_form=\u00bbselector{||  display:flex;||}||selector p {||  transition: .3s ease!important;||}||selector p:hover{||  color: #5A8FFF !important||}||selector::before{||  content: %22%22;||  background-image: url(%22https:\/\/www.billin.net\/wp-content\/uploads\/2024\/03\/hoja.png%22);||  background-repeat: no-repeat;||  background-size: cover;||  display: inline-block;||  position:absolute;||  width: 30px;||  height: 30px;  ||  left: -36px;||}||||selector a::after{||  content: %22%22;||    background-image: url(https:\/\/www.billin.net\/wp-content\/themes\/billin\/img\/funcionalidades-ahora\/flechab.png);||    background-size: contain;||    font-weight: 800;||    background-repeat: no-repeat;||    width: 25px;||    height: 20px;||    display: inline-block;||    position: relative;||    top: 6px;||    left: 13px;||    transition: 0.5s;||}\u00bb global_colors_info=\u00bb{}\u00bb]<\/p>\n<p style=\"font-weight: 600!important; font-size: 18px!important; line-height: 30px!important; color: #172435!important;\"><a href=\"https:\/\/www.billin.net\/blog\/\" style=\"color: inherit!important; padding-bottom: 0!important; font-weight: 600!important;\">Blog<\/a><\/p>\n<p>[\/et_pb_text][\/et_pb_column][\/et_pb_row][\/et_pb_section]<\/p>\n","protected":false},"excerpt":{"rendered":"<p>\u00a1Vaya! No hemos podido encontrar lap\u00e1gina que buscas&#8230;<\/p>\n","protected":false},"author":5,"featured_media":0,"parent":0,"menu_order":0,"comment_status":"closed","ping_status":"closed","template":"templates\/template-divi.php","meta":{"_acf_changed":false,"_et_pb_use_builder":"on","_et_pb_old_content":"","_et_gb_content_width":"","om_disable_all_campaigns":false,"inline_featured_image":false,"footnotes":""},"class_list":["post-23060","page","type-page","status-publish"],"acf":[],"yoast_head":"<!-- This site is optimized with the Yoast SEO plugin v27.1 - https:\/\/yoast.com\/product\/yoast-seo-wordpress\/ -->\n<title>\u00a1Vaya! No hemos podido encontrar lo que buscas - Facturas TeamSystem Facturas TeamSystem Facturas Billin<\/title>\n<meta name=\"robots\" content=\"noindex, nofollow\" \/>\n<meta property=\"og:locale\" content=\"es_ES\" \/>\n<meta property=\"og:type\" content=\"article\" \/>\n<meta property=\"og:title\" content=\"\u00a1Vaya! No hemos podido encontrar lo que buscas - Facturas TeamSystem Facturas TeamSystem Facturas Billin\" \/>\n<meta property=\"og:description\" content=\"\u00a1Vaya! No hemos podido encontrar lap\u00e1gina que buscas...\" \/>\n<meta property=\"og:url\" content=\"https:\/\/www.billin.net\/blog\/pagina-nueva-404\/\" \/>\n<meta property=\"og:site_name\" content=\"Blog de TeamSystem Facturas Billin\" \/>\n<meta property=\"article:publisher\" content=\"https:\/\/www.facebook.com\/EsBillin\" \/>\n<meta property=\"article:modified_time\" content=\"2025-11-04T09:00:56+00:00\" \/>\n<meta name=\"twitter:card\" content=\"summary_large_image\" \/>\n<meta name=\"twitter:site\" content=\"@Billin_ES\" \/>\n<meta name=\"twitter:label1\" content=\"Tiempo de lectura\" \/>\n\t<meta name=\"twitter:data1\" content=\"1 minuto\" \/>\n<script type=\"application\/ld+json\" class=\"yoast-schema-graph\">{\"@context\":\"https:\/\/schema.org\",\"@graph\":[{\"@type\":\"WebPage\",\"@id\":\"https:\/\/www.billin.net\/blog\/pagina-nueva-404\/\",\"url\":\"https:\/\/www.billin.net\/blog\/pagina-nueva-404\/\",\"name\":\"\u00a1Vaya! No hemos podido encontrar lo que buscas - Facturas TeamSystem Facturas TeamSystem Facturas Billin\",\"isPartOf\":{\"@id\":\"https:\/\/www.billin.net\/blog\/#website\"},\"datePublished\":\"2024-05-31T10:20:23+00:00\",\"dateModified\":\"2025-11-04T09:00:56+00:00\",\"breadcrumb\":{\"@id\":\"https:\/\/www.billin.net\/blog\/pagina-nueva-404\/#breadcrumb\"},\"inLanguage\":\"es\",\"potentialAction\":[{\"@type\":\"ReadAction\",\"target\":[\"https:\/\/www.billin.net\/blog\/pagina-nueva-404\/\"]}]},{\"@type\":\"BreadcrumbList\",\"@id\":\"https:\/\/www.billin.net\/blog\/pagina-nueva-404\/#breadcrumb\",\"itemListElement\":[{\"@type\":\"ListItem\",\"position\":1,\"name\":\"Blog\",\"item\":\"https:\/\/www.billin.net\/blog\/\"},{\"@type\":\"ListItem\",\"position\":2,\"name\":\"P\u00e1gina nueva 404\"}]},{\"@type\":\"WebSite\",\"@id\":\"https:\/\/www.billin.net\/blog\/#website\",\"url\":\"https:\/\/www.billin.net\/blog\/\",\"name\":\"Blog de Billin\",\"description\":\"Mantente informado con el blog de TeamSystem Facturas Billin:  facturaci\u00f3n, legislaci\u00f3n, contabilidad, management y toda la informaci\u00f3n \u00fatil para pymes y aut\u00f3nomos.\",\"publisher\":{\"@id\":\"https:\/\/www.billin.net\/blog\/#organization\"},\"potentialAction\":[{\"@type\":\"SearchAction\",\"target\":{\"@type\":\"EntryPoint\",\"urlTemplate\":\"https:\/\/www.billin.net\/blog\/?s={search_term_string}\"},\"query-input\":{\"@type\":\"PropertyValueSpecification\",\"valueRequired\":true,\"valueName\":\"search_term_string\"}}],\"inLanguage\":\"es\"},{\"@type\":\"Organization\",\"@id\":\"https:\/\/www.billin.net\/blog\/#organization\",\"name\":\"Billin\",\"alternateName\":\"Blog de Billin\",\"url\":\"https:\/\/www.billin.net\/blog\/\",\"logo\":{\"@type\":\"ImageObject\",\"inLanguage\":\"es\",\"@id\":\"https:\/\/www.billin.net\/blog\/#\/schema\/logo\/image\/\",\"url\":\"https:\/\/www.billin.net\/blog\/wp-content\/uploads\/2019\/06\/logotipo-billin-blog-1.png\",\"contentUrl\":\"https:\/\/www.billin.net\/blog\/wp-content\/uploads\/2019\/06\/logotipo-billin-blog-1.png\",\"width\":126,\"height\":50,\"caption\":\"Billin\"},\"image\":{\"@id\":\"https:\/\/www.billin.net\/blog\/#\/schema\/logo\/image\/\"},\"sameAs\":[\"https:\/\/www.facebook.com\/EsBillin\",\"https:\/\/x.com\/Billin_ES\",\"https:\/\/www.instagram.com\/billin_es\/\",\"https:\/\/www.linkedin.com\/company\/billin-spain\",\"https:\/\/www.youtube.com\/c\/BillinEsintercambiodefacturas\/\"],\"legalName\":\"MY EXPENSES SL\",\"contactPoint\":{\"@type\":\"ContactPoint\",\"telephone\":\"+34918318883\",\"contactType\":\"customer service\",\"email\":\"info@billin.eu\",\"availableLanguage\":\"es\"},\"foundingDate\":\"2015\",\"numberOfEmployees\":{\"@type\":\"QuantitativeValue\",\"minValue\":10,\"maxValue\":50},\"parentOrganization\":{\"@type\":\"Organization\",\"name\":\"TeamSystem\",\"url\":\"https:\/\/www.teamsystem.com\/\"},\"description\":\"Billin es el programa de facturaci\u00f3n online de TeamSystem para aut\u00f3nomos y pymes en Espa\u00f1a. Permite crear facturas, controlar gastos y cumplir con Verifactu.\",\"address\":{\"@type\":\"PostalAddress\",\"streetAddress\":\"Calle Arturo Soria, 336\",\"addressLocality\":\"Madrid\",\"addressRegion\":\"Madrid\",\"postalCode\":\"28033\",\"addressCountry\":\"ES\"}}]}<\/script>\n<!-- \/ Yoast SEO plugin. -->","yoast_head_json":{"title":"\u00a1Vaya! No hemos podido encontrar lo que buscas - Facturas TeamSystem Facturas TeamSystem Facturas Billin","robots":{"index":"noindex","follow":"nofollow"},"og_locale":"es_ES","og_type":"article","og_title":"\u00a1Vaya! No hemos podido encontrar lo que buscas - Facturas TeamSystem Facturas TeamSystem Facturas Billin","og_description":"\u00a1Vaya! No hemos podido encontrar lap\u00e1gina que buscas...","og_url":"https:\/\/www.billin.net\/blog\/pagina-nueva-404\/","og_site_name":"Blog de TeamSystem Facturas Billin","article_publisher":"https:\/\/www.facebook.com\/EsBillin","article_modified_time":"2025-11-04T09:00:56+00:00","twitter_card":"summary_large_image","twitter_site":"@Billin_ES","twitter_misc":{"Tiempo de lectura":"1 minuto"},"schema":{"@context":"https:\/\/schema.org","@graph":[{"@type":"WebPage","@id":"https:\/\/www.billin.net\/blog\/pagina-nueva-404\/","url":"https:\/\/www.billin.net\/blog\/pagina-nueva-404\/","name":"\u00a1Vaya! No hemos podido encontrar lo que buscas - Facturas TeamSystem Facturas TeamSystem Facturas Billin","isPartOf":{"@id":"https:\/\/www.billin.net\/blog\/#website"},"datePublished":"2024-05-31T10:20:23+00:00","dateModified":"2025-11-04T09:00:56+00:00","breadcrumb":{"@id":"https:\/\/www.billin.net\/blog\/pagina-nueva-404\/#breadcrumb"},"inLanguage":"es","potentialAction":[{"@type":"ReadAction","target":["https:\/\/www.billin.net\/blog\/pagina-nueva-404\/"]}]},{"@type":"BreadcrumbList","@id":"https:\/\/www.billin.net\/blog\/pagina-nueva-404\/#breadcrumb","itemListElement":[{"@type":"ListItem","position":1,"name":"Blog","item":"https:\/\/www.billin.net\/blog\/"},{"@type":"ListItem","position":2,"name":"P\u00e1gina nueva 404"}]},{"@type":"WebSite","@id":"https:\/\/www.billin.net\/blog\/#website","url":"https:\/\/www.billin.net\/blog\/","name":"Blog de Billin","description":"Mantente informado con el blog de TeamSystem Facturas Billin:  facturaci\u00f3n, legislaci\u00f3n, contabilidad, management y toda la informaci\u00f3n \u00fatil para pymes y aut\u00f3nomos.","publisher":{"@id":"https:\/\/www.billin.net\/blog\/#organization"},"potentialAction":[{"@type":"SearchAction","target":{"@type":"EntryPoint","urlTemplate":"https:\/\/www.billin.net\/blog\/?s={search_term_string}"},"query-input":{"@type":"PropertyValueSpecification","valueRequired":true,"valueName":"search_term_string"}}],"inLanguage":"es"},{"@type":"Organization","@id":"https:\/\/www.billin.net\/blog\/#organization","name":"Billin","alternateName":"Blog de Billin","url":"https:\/\/www.billin.net\/blog\/","logo":{"@type":"ImageObject","inLanguage":"es","@id":"https:\/\/www.billin.net\/blog\/#\/schema\/logo\/image\/","url":"https:\/\/www.billin.net\/blog\/wp-content\/uploads\/2019\/06\/logotipo-billin-blog-1.png","contentUrl":"https:\/\/www.billin.net\/blog\/wp-content\/uploads\/2019\/06\/logotipo-billin-blog-1.png","width":126,"height":50,"caption":"Billin"},"image":{"@id":"https:\/\/www.billin.net\/blog\/#\/schema\/logo\/image\/"},"sameAs":["https:\/\/www.facebook.com\/EsBillin","https:\/\/x.com\/Billin_ES","https:\/\/www.instagram.com\/billin_es\/","https:\/\/www.linkedin.com\/company\/billin-spain","https:\/\/www.youtube.com\/c\/BillinEsintercambiodefacturas\/"],"legalName":"MY EXPENSES SL","contactPoint":{"@type":"ContactPoint","telephone":"+34918318883","contactType":"customer service","email":"info@billin.eu","availableLanguage":"es"},"foundingDate":"2015","numberOfEmployees":{"@type":"QuantitativeValue","minValue":10,"maxValue":50},"parentOrganization":{"@type":"Organization","name":"TeamSystem","url":"https:\/\/www.teamsystem.com\/"},"description":"Billin es el programa de facturaci\u00f3n online de TeamSystem para aut\u00f3nomos y pymes en Espa\u00f1a. Permite crear facturas, controlar gastos y cumplir con Verifactu.","address":{"@type":"PostalAddress","streetAddress":"Calle Arturo Soria, 336","addressLocality":"Madrid","addressRegion":"Madrid","postalCode":"28033","addressCountry":"ES"}}]}},"_links":{"self":[{"href":"https:\/\/www.billin.net\/blog\/wp-json\/wp\/v2\/pages\/23060","targetHints":{"allow":["GET"]}}],"collection":[{"href":"https:\/\/www.billin.net\/blog\/wp-json\/wp\/v2\/pages"}],"about":[{"href":"https:\/\/www.billin.net\/blog\/wp-json\/wp\/v2\/types\/page"}],"author":[{"embeddable":true,"href":"https:\/\/www.billin.net\/blog\/wp-json\/wp\/v2\/users\/5"}],"replies":[{"embeddable":true,"href":"https:\/\/www.billin.net\/blog\/wp-json\/wp\/v2\/comments?post=23060"}],"version-history":[{"count":14,"href":"https:\/\/www.billin.net\/blog\/wp-json\/wp\/v2\/pages\/23060\/revisions"}],"predecessor-version":[{"id":28113,"href":"https:\/\/www.billin.net\/blog\/wp-json\/wp\/v2\/pages\/23060\/revisions\/28113"}],"wp:attachment":[{"href":"https:\/\/www.billin.net\/blog\/wp-json\/wp\/v2\/media?parent=23060"}],"curies":[{"name":"wp","href":"https:\/\/api.w.org\/{rel}","templated":true}]}}